reatest common divisor of 423 and 45.
9
Calculate the greatest common divisor of 64 and 2608.
16
Calculate the greatest common factor of 737 and 5963.
67
Calculate the highest common divisor of 840 and 255.
15
What is the greatest common divisor of 336 and 60?
12
What is the highest common divisor of 390 and 230?
10
What is the highest common factor of 22 and 42878?
22
Calculate the highest common factor of 57 and 1083.
57
What is the greatest common divisor of 374 and 220?
22
What is the greatest common divisor of 50 and 60?
10
What is the highest common divisor of 9 and 160?
1
What is the greatest common factor of 47 and 3?
1
Calculate the greatest common divisor of 941 and 4.
1
What is the greatest common factor of 6419 and 262?
131
Calculate the highest common divisor of 105 and 26005.
35
What is the highest common factor of 1147 and 1271?
31
What is the highest common divisor of 56 and 12?
4
Calculate the highest common factor of 33 and 781.
11
Calculate the highest common divisor of 780 and 1185.
15
Calculate the greatest common factor of 6 and 122.
2
Calculate the highest common divisor of 374 and 198.
22
Calculate the highest common factor of 4 and 212.
4
What is the highest common factor of 2173 and 533?
41
Calculate the highest common divisor of 30 and 230.
10
What is the highest common factor of 2553 and 111?
111
Calculate the greatest common factor of 160 and 290.
10
What is the greatest common factor of 297 and 1001?
11
Calculate the greatest common factor of 1792 and 7.
7
Calculate the highest common divisor of 893 and 47.
47
Calculate the greatest common factor of 915 and 135.
15
Calculate the highest common divisor of 456 and 24.
24
Calculate the highest common divisor of 204 and 6375.
51
What is the greatest common factor of 132 and 594?
66
What is the highest common divisor of 67 and 5159?
67
Calculate the highest common factor of 39600 and 20.
20
Calculate the highest common factor of 36 and 495.
9
Calculate the greatest common factor of 355 and 20.
5
Calculate the greatest common factor of 32 and 1824.
32
What is the highest common divisor of 3104 and 32?
32
What is the highest common divisor of 1916 and 1437?
479
What is the greatest common factor of 145 and 29?
29
Calculate the highest common divisor of 245 and 196.
49
Calculate the highest common factor of 32 and 1100.
4
Calculate the greatest common divisor of 13207 and 47.
47
What is the greatest common divisor of 276 and 23?
23
Calculate the highest common factor of 312 and 228.
12
Calculate the highest common factor of 484 and 88.
44
What is the greatest common factor of 4 and 47?
1
What is the highest common divisor of 34 and 102?
34
What is the greatest common factor of 77 and 616?
77
What is the highest common factor of 32 and 3488?
32
Calculate the highest common factor of 240 and 150.
30
Calculate the highest common factor of 724 and 4.
4
What is the highest common divisor of 23565 and 15?
15
What is the greatest common factor of 77 and 825?
11
Calculate the greatest common divisor of 186 and 5642.
62
Calculate the greatest common factor of 224 and 864.
32
What is the greatest common divisor of 24 and 8952?
24
Calculate the greatest common divisor of 494 and 520.
26
Calculate the greatest common factor of 185 and 95.
5
Calculate the greatest common divisor of 117 and 351.
117
What is the highest common factor of 4 and 14?
2
What is the greatest common factor of 5 and 135?
5
Calculate the greatest common factor of 416 and 728.
104
Calculate the greatest common factor of 126 and 574.
14
What is the greatest common factor of 198 and 8226?
18
Calculate the greatest common factor of 2624 and 41.
41
Calculate the highest common divisor of 15 and 15.
15
What is the highest common factor of 159 and 2968?
53
Calculate the highest common divisor of 494 and 114.
38
What is the greatest common factor of 596 and 12?
4
Calculate the highest common factor of 104 and 40.
8
What is the highest common divisor of 24 and 7698?
6
What is the greatest common factor of 33 and 1034?
11
What is the highest common factor of 55 and 1375?
55
Calculate the highest common factor of 11 and 143.
11
Calculate the highest common divisor of 56 and 48384.
56
What is the greatest common factor of 2052 and 1824?
228
What is the greatest common factor of 7 and 196?
7
What is the greatest common factor of 154 and 13706?
154
Calculate the highest common divisor of 2240 and 110.
10
Calculate the highest common divisor of 1136 and 16.
16
What is the highest common divisor of 336 and 189?
21
Calculate the greatest common divisor of 238 and 2720.
34
What is the highest common factor of 34 and 187?
17
Calculate the highest common divisor of 33 and 2112.
33
Calculate the greatest common divisor of 12 and 162.
6
Calculate the highest common factor of 667 and 414.
23
What is the greatest common factor of 450 and 50?
50
Calculate the greatest common divisor of 962 and 74.
74
What is the greatest common factor of 15 and 285?
15
What is the greatest common factor of 6400 and 50?
50
Calculate the greatest common divisor of 168 and 56.
56
Calculate the highest common factor of 48 and 64.
16
Calculate the highest common divisor of 67788 and 9.
9
What is the greatest common factor of 18828 and 36?
36
Calculate the highest common divisor of 48 and 1296.
48
Calculate the highest common factor of 365 and 15.
5
Calculate the highest common factor of 406 and 87.
29
What is the highest common factor of 3447 and 27?
9
What is the highest common divisor of 3431 and 47?
47
What is the highest common factor of 27 and 189?
27
Calculate the greatest common factor of 4774 and 28.
14
What is the greatest common divisor of 2572 and 64?
4
Calculate the greatest common divisor of 60 and 36.
12
What is the greatest common divisor of 6150 and 100?
50
What is the highest common divisor of 1105 and 45?
5
Calculate the greatest common factor of 1036 and 28.
28
What is the greatest common divisor of 846 and 270?
18
What is the greatest common factor of 21 and 819?
21
What is the highest common divisor of 24 and 51?
3
Calculate the greatest common divisor of 3025 and 44.
11
What is the greatest common divisor of 86 and 387?
43
Calculate the greatest common divisor of 17 and 697.
17
What is the greatest common divisor of 2 and 79?
1
What is the highest common divisor of 72 and 78?
6
Calculate the greatest common divisor of 684 and 304.
76
What is the greatest common divisor of 45 and 1206?
9
What is the highest common divisor of 559 and 208?
13
What is the highest common factor of 16 and 3208?
8
Calculate the greatest common divisor of 5168 and 380.
76
Calculate the greatest common divisor of 3948 and 1176.
84
What is the greatest common divisor of 36 and 36?
36
What is the greatest common divisor of 26 and 91?
13
Calculate the greatest common divisor of 175 and 425.
25
Calculate the greatest common divisor of 2 and 1763.
1
What is the greatest common divisor of 3871 and 392?
49
What is the greatest common factor of 1932 and 36?
12
Calculate the greatest common divisor of 91 and 2106.
13
Calculate the greatest common factor of 324 and 8.
4
What is the greatest common divisor of 336 and 448?
112
Calculate the highest common divisor of 506 and 110.
22
What is the highest common divisor of 440 and 160?
40
What is the greatest common factor of 1853 and 545?
109
What is the highest common divisor of 7670 and 885?
295
What is the greatest common factor of 42 and 3486?
42
Calculate the greatest common divisor of 1491 and 355.
71
Calculate the highest common factor of 125 and 150.
25
What is the highest common divisor of 7073 and 44?
11
What is the greatest common factor of 144 and 464?
16
What is the highest common divisor of 164 and 18532?
164
Calculate the greatest common factor of 44 and 165.
11
What is the greatest common divisor of 430 and 30?
10
What is the greatest common factor of 220 and 1210?
110
Calculate the highest common divisor of 48 and 16.
16
Calculate the greatest common factor of 43 and 8557.
43
What is the highest common factor of 3 and 54?
3
What is the highest common factor of 154 and 231?
77
Calculate the highest common divisor of 243 and 891.
81
What is the greatest common divisor of 102 and 12?
6
Calculate the greatest